{"id":7128,"date":"2020-07-23T14:10:51","date_gmt":"2020-07-23T12:10:51","guid":{"rendered":"https:\/\/blog.assecobs.pl\/?post_type=komunikaty&#038;p=7128"},"modified":"2024-06-07T12:27:46","modified_gmt":"2024-06-07T10:27:46","slug":"przedluzenie-zwolnienia-z-zus-dla-niektorych-przedsiebiorstw","status":"publish","type":"komunikaty","link":"https:\/\/assecobs.pl\/blog\/komunikaty\/przedluzenie-zwolnienia-z-zus-dla-niektorych-przedsiebiorstw\/","title":{"rendered":"Przed\u0142u\u017cenie zwolnienia z ZUS dla niekt\u00f3rych przedsi\u0119biorstw"},"content":{"rendered":"<p>Rz\u0105d przygotowuje przed\u0142u\u017cenie zwolnienia z ZUS na kolejne 3 miesi\u0105ce dla niekt\u00f3rych przedsi\u0119biorstw. Zwolnienie obejmie bran\u017c\u0119 turystyczn\u0105. Szczeg\u00f3\u0142y wkr\u00f3tce zostan\u0105 og\u0142oszone.<\/p>\n<p>Wi\u0119cej informacji mo\u017cna znale\u017a\u0107 na stronie:<br \/>\n<a href=\"https:\/\/businessinsider.com.pl\/firmy\/przepisy\/rzad-zwolni-czesc-firm-z-zus-na-kolejne-3-miesiace-branza-turystyczna-moze-liczyc-na\/g7zsvz9\">https:\/\/businessinsider.com.pl\/firmy\/przepisy\/rzad-zwolni-czesc-firm-z-zus-na-kolejne-3-miesiace-branza-turystyczna-moze-liczyc-na\/g7zsvz9\u00a0\u00a0<\/a><\/p>\n","protected":false},"excerpt":{"rendered":"<p>Rz\u0105d przygotowuje przed\u0142u\u017cenie zwolnienia z ZUS na kolejne 3 miesi\u0105ce dla niekt\u00f3rych przedsi\u0119biorstw. Zwolnienie obejmie bran\u017c\u0119 turystyczn\u0105. Szczeg\u00f3\u0142y wkr\u00f3tce zostan\u0105 og\u0142oszone. Wi\u0119cej informacji mo\u017cna znale\u017a\u0107 na stronie: https:\/\/businessinsider.com.pl\/firmy\/przepisy\/rzad-zwolni-czesc-firm-z-zus-na-kolejne-3-miesiace-branza-turystyczna-moze-liczyc-na\/g7zsvz9\u00a0\u00a0<\/p>\n","protected":false},"author":6,"featured_media":0,"menu_order":0,"template":"","format":"audio","categories":[],"tags":[218,219,221,222],"class_list":{"0":"post-7128","1":"komunikaty","2":"type-komunikaty","3":"status-publish","4":"format-audio","6":"tag-komunikaty","7":"tag-komunikaty-wapro","8":"tag-komunikaty-softlab","9":"tag-komunikaty-macrologic","10":"post_format-post-format-audio"},"acf":[],"yoast_head":"<!-- This site is optimized with the Yoast SEO plugin v27.5 - https:\/\/yoast.com\/product\/yoast-seo-wordpress\/ -->\n<title>Przed\u0142u\u017cenie zwolnienia z ZUS<\/title>\n<meta name=\"description\" content=\"Dowiedz si\u0119 o przed\u0142u\u017ceniu zwolnienia z op\u0142acania sk\u0142adek ZUS dla niekt\u00f3rych przedsi\u0119biorstw. Sprawd\u017a szczeg\u00f3\u0142y!\" \/>\n<meta name=\"robots\" content=\"index, follow, max-snippet:-1, max-image-preview:large, max-video-preview:-1\" \/>\n<link rel=\"canonical\" href=\"https:\/\/assecobs.pl\/blog\/komunikaty\/przedluzenie-zwolnienia-z-zus-dla-niektorych-przedsiebiorstw\/\" \/>\n<meta property=\"og:locale\" content=\"pl_PL\" \/>\n<meta property=\"og:type\" content=\"article\" \/>\n<meta property=\"og:title\" content=\"Przed\u0142u\u017cenie zwolnienia z ZUS\" \/>\n<meta property=\"og:description\" content=\"Dowiedz si\u0119 o przed\u0142u\u017ceniu zwolnienia z op\u0142acania sk\u0142adek ZUS dla niekt\u00f3rych przedsi\u0119biorstw. Sprawd\u017a szczeg\u00f3\u0142y!\" \/>\n<meta property=\"og:url\" content=\"https:\/\/assecobs.pl\/blog\/komunikaty\/przedluzenie-zwolnienia-z-zus-dla-niektorych-przedsiebiorstw\/\" \/>\n<meta property=\"og:site_name\" content=\"Blog Asseco BS\" \/>\n<meta property=\"article:publisher\" content=\"https:\/\/www.facebook.com\/erpbyasseco\/\" \/>\n<meta property=\"article:modified_time\" content=\"2024-06-07T10:27:46+00:00\" \/>\n<meta name=\"twitter:card\" content=\"summary_large_image\" \/>\n<meta name=\"twitter:site\" content=\"@asseco_bs\" \/>\n<meta name=\"twitter:label1\" content=\"Szacowany czas czytania\" \/>\n\t<meta name=\"twitter:data1\" content=\"1 minuta\" \/>\n<script type=\"application\/ld+json\" class=\"yoast-schema-graph\">{\"@context\":\"https:\\\/\\\/schema.org\",\"@graph\":[{\"@type\":\"WebPage\",\"@id\":\"https:\\\/\\\/assecobs.pl\\\/blog\\\/komunikaty\\\/przedluzenie-zwolnienia-z-zus-dla-niektorych-przedsiebiorstw\\\/\",\"url\":\"https:\\\/\\\/assecobs.pl\\\/blog\\\/komunikaty\\\/przedluzenie-zwolnienia-z-zus-dla-niektorych-przedsiebiorstw\\\/\",\"name\":\"Przed\u0142u\u017cenie zwolnienia z ZUS\",\"isPartOf\":{\"@id\":\"https:\\\/\\\/assecobs.pl\\\/blog\\\/#website\"},\"datePublished\":\"2020-07-23T12:10:51+00:00\",\"dateModified\":\"2024-06-07T10:27:46+00:00\",\"description\":\"Dowiedz si\u0119 o przed\u0142u\u017ceniu zwolnienia z op\u0142acania sk\u0142adek ZUS dla niekt\u00f3rych przedsi\u0119biorstw. Sprawd\u017a szczeg\u00f3\u0142y!\",\"breadcrumb\":{\"@id\":\"https:\\\/\\\/assecobs.pl\\\/blog\\\/komunikaty\\\/przedluzenie-zwolnienia-z-zus-dla-niektorych-przedsiebiorstw\\\/#breadcrumb\"},\"inLanguage\":\"pl-PL\",\"potentialAction\":[{\"@type\":\"ReadAction\",\"target\":[\"https:\\\/\\\/assecobs.pl\\\/blog\\\/komunikaty\\\/przedluzenie-zwolnienia-z-zus-dla-niektorych-przedsiebiorstw\\\/\"]}]},{\"@type\":\"BreadcrumbList\",\"@id\":\"https:\\\/\\\/assecobs.pl\\\/blog\\\/komunikaty\\\/przedluzenie-zwolnienia-z-zus-dla-niektorych-przedsiebiorstw\\\/#breadcrumb\",\"itemListElement\":[{\"@type\":\"ListItem\",\"position\":1,\"name\":\"Strona g\u0142\u00f3wna\",\"item\":\"https:\\\/\\\/assecobs.pl\\\/blog\\\/\"},{\"@type\":\"ListItem\",\"position\":2,\"name\":\"komunikaty\",\"item\":\"https:\\\/\\\/assecobs.pl\\\/blog\\\/komunikaty\\\/\"},{\"@type\":\"ListItem\",\"position\":3,\"name\":\"Przed\u0142u\u017cenie zwolnienia z&nbsp;ZUS dla niekt\u00f3rych przedsi\u0119biorstw\"}]},{\"@type\":\"WebSite\",\"@id\":\"https:\\\/\\\/assecobs.pl\\\/blog\\\/#website\",\"url\":\"https:\\\/\\\/assecobs.pl\\\/blog\\\/\",\"name\":\"Blog Asseco BS\",\"description\":\"\",\"publisher\":{\"@id\":\"https:\\\/\\\/assecobs.pl\\\/blog\\\/#organization\"},\"potentialAction\":[{\"@type\":\"SearchAction\",\"target\":{\"@type\":\"EntryPoint\",\"urlTemplate\":\"https:\\\/\\\/assecobs.pl\\\/blog\\\/?s={search_term_string}\"},\"query-input\":{\"@type\":\"PropertyValueSpecification\",\"valueRequired\":true,\"valueName\":\"search_term_string\"}}],\"inLanguage\":\"pl-PL\"},{\"@type\":\"Organization\",\"@id\":\"https:\\\/\\\/assecobs.pl\\\/blog\\\/#organization\",\"name\":\"Asseco Business Solutions\",\"url\":\"https:\\\/\\\/assecobs.pl\\\/blog\\\/\",\"logo\":{\"@type\":\"ImageObject\",\"inLanguage\":\"pl-PL\",\"@id\":\"https:\\\/\\\/assecobs.pl\\\/blog\\\/#\\\/schema\\\/logo\\\/image\\\/\",\"url\":\"https:\\\/\\\/assecobs.pl\\\/blog\\\/wp-content\\\/uploads\\\/sites\\\/14\\\/2020\\\/01\\\/abs-logo-user.jpg\",\"contentUrl\":\"https:\\\/\\\/assecobs.pl\\\/blog\\\/wp-content\\\/uploads\\\/sites\\\/14\\\/2020\\\/01\\\/abs-logo-user.jpg\",\"width\":250,\"height\":251,\"caption\":\"Asseco Business Solutions\"},\"image\":{\"@id\":\"https:\\\/\\\/assecobs.pl\\\/blog\\\/#\\\/schema\\\/logo\\\/image\\\/\"},\"sameAs\":[\"https:\\\/\\\/www.facebook.com\\\/erpbyasseco\\\/\",\"https:\\\/\\\/x.com\\\/asseco_bs\",\"https:\\\/\\\/pl.linkedin.com\\\/company\\\/asseco-business-solutions-sa\",\"https:\\\/\\\/www.youtube.com\\\/channel\\\/UCCU4su9i0ZMIrsS0P0bkYOA\\\/featured\",\"https:\\\/\\\/pl.wikipedia.org\\\/wiki\\\/Asseco_Business_Solutions\"]}]}<\/script>\n<!-- \/ Yoast SEO plugin. -->","yoast_head_json":{"title":"Przed\u0142u\u017cenie zwolnienia z ZUS","description":"Dowiedz si\u0119 o przed\u0142u\u017ceniu zwolnienia z op\u0142acania sk\u0142adek ZUS dla niekt\u00f3rych przedsi\u0119biorstw. Sprawd\u017a szczeg\u00f3\u0142y!","robots":{"index":"index","follow":"follow","max-snippet":"max-snippet:-1","max-image-preview":"max-image-preview:large","max-video-preview":"max-video-preview:-1"},"canonical":"https:\/\/assecobs.pl\/blog\/komunikaty\/przedluzenie-zwolnienia-z-zus-dla-niektorych-przedsiebiorstw\/","og_locale":"pl_PL","og_type":"article","og_title":"Przed\u0142u\u017cenie zwolnienia z ZUS","og_description":"Dowiedz si\u0119 o przed\u0142u\u017ceniu zwolnienia z op\u0142acania sk\u0142adek ZUS dla niekt\u00f3rych przedsi\u0119biorstw. Sprawd\u017a szczeg\u00f3\u0142y!","og_url":"https:\/\/assecobs.pl\/blog\/komunikaty\/przedluzenie-zwolnienia-z-zus-dla-niektorych-przedsiebiorstw\/","og_site_name":"Blog Asseco BS","article_publisher":"https:\/\/www.facebook.com\/erpbyasseco\/","article_modified_time":"2024-06-07T10:27:46+00:00","twitter_card":"summary_large_image","twitter_site":"@asseco_bs","twitter_misc":{"Szacowany czas czytania":"1 minuta"},"schema":{"@context":"https:\/\/schema.org","@graph":[{"@type":"WebPage","@id":"https:\/\/assecobs.pl\/blog\/komunikaty\/przedluzenie-zwolnienia-z-zus-dla-niektorych-przedsiebiorstw\/","url":"https:\/\/assecobs.pl\/blog\/komunikaty\/przedluzenie-zwolnienia-z-zus-dla-niektorych-przedsiebiorstw\/","name":"Przed\u0142u\u017cenie zwolnienia z ZUS","isPartOf":{"@id":"https:\/\/assecobs.pl\/blog\/#website"},"datePublished":"2020-07-23T12:10:51+00:00","dateModified":"2024-06-07T10:27:46+00:00","description":"Dowiedz si\u0119 o przed\u0142u\u017ceniu zwolnienia z op\u0142acania sk\u0142adek ZUS dla niekt\u00f3rych przedsi\u0119biorstw. Sprawd\u017a szczeg\u00f3\u0142y!","breadcrumb":{"@id":"https:\/\/assecobs.pl\/blog\/komunikaty\/przedluzenie-zwolnienia-z-zus-dla-niektorych-przedsiebiorstw\/#breadcrumb"},"inLanguage":"pl-PL","potentialAction":[{"@type":"ReadAction","target":["https:\/\/assecobs.pl\/blog\/komunikaty\/przedluzenie-zwolnienia-z-zus-dla-niektorych-przedsiebiorstw\/"]}]},{"@type":"BreadcrumbList","@id":"https:\/\/assecobs.pl\/blog\/komunikaty\/przedluzenie-zwolnienia-z-zus-dla-niektorych-przedsiebiorstw\/#breadcrumb","itemListElement":[{"@type":"ListItem","position":1,"name":"Strona g\u0142\u00f3wna","item":"https:\/\/assecobs.pl\/blog\/"},{"@type":"ListItem","position":2,"name":"komunikaty","item":"https:\/\/assecobs.pl\/blog\/komunikaty\/"},{"@type":"ListItem","position":3,"name":"Przed\u0142u\u017cenie zwolnienia z&nbsp;ZUS dla niekt\u00f3rych przedsi\u0119biorstw"}]},{"@type":"WebSite","@id":"https:\/\/assecobs.pl\/blog\/#website","url":"https:\/\/assecobs.pl\/blog\/","name":"Blog Asseco BS","description":"","publisher":{"@id":"https:\/\/assecobs.pl\/blog\/#organization"},"potentialAction":[{"@type":"SearchAction","target":{"@type":"EntryPoint","urlTemplate":"https:\/\/assecobs.pl\/blog\/?s={search_term_string}"},"query-input":{"@type":"PropertyValueSpecification","valueRequired":true,"valueName":"search_term_string"}}],"inLanguage":"pl-PL"},{"@type":"Organization","@id":"https:\/\/assecobs.pl\/blog\/#organization","name":"Asseco Business Solutions","url":"https:\/\/assecobs.pl\/blog\/","logo":{"@type":"ImageObject","inLanguage":"pl-PL","@id":"https:\/\/assecobs.pl\/blog\/#\/schema\/logo\/image\/","url":"https:\/\/assecobs.pl\/blog\/wp-content\/uploads\/sites\/14\/2020\/01\/abs-logo-user.jpg","contentUrl":"https:\/\/assecobs.pl\/blog\/wp-content\/uploads\/sites\/14\/2020\/01\/abs-logo-user.jpg","width":250,"height":251,"caption":"Asseco Business Solutions"},"image":{"@id":"https:\/\/assecobs.pl\/blog\/#\/schema\/logo\/image\/"},"sameAs":["https:\/\/www.facebook.com\/erpbyasseco\/","https:\/\/x.com\/asseco_bs","https:\/\/pl.linkedin.com\/company\/asseco-business-solutions-sa","https:\/\/www.youtube.com\/channel\/UCCU4su9i0ZMIrsS0P0bkYOA\/featured","https:\/\/pl.wikipedia.org\/wiki\/Asseco_Business_Solutions"]}]}},"_links":{"self":[{"href":"https:\/\/assecobs.pl\/blog\/wp-json\/wp\/v2\/komunikaty\/7128","targetHints":{"allow":["GET"]}}],"collection":[{"href":"https:\/\/assecobs.pl\/blog\/wp-json\/wp\/v2\/komunikaty"}],"about":[{"href":"https:\/\/assecobs.pl\/blog\/wp-json\/wp\/v2\/types\/komunikaty"}],"author":[{"embeddable":true,"href":"https:\/\/assecobs.pl\/blog\/wp-json\/wp\/v2\/users\/6"}],"wp:attachment":[{"href":"https:\/\/assecobs.pl\/blog\/wp-json\/wp\/v2\/media?parent=7128"}],"wp:term":[{"taxonomy":"category","embeddable":true,"href":"https:\/\/assecobs.pl\/blog\/wp-json\/wp\/v2\/categories?post=7128"},{"taxonomy":"post_tag","embeddable":true,"href":"https:\/\/assecobs.pl\/blog\/wp-json\/wp\/v2\/tags?post=7128"}],"curies":[{"name":"wp","href":"https:\/\/api.w.org\/{rel}","templated":true}]}}

Przedłużenie zwolnienia z ZUS dla niektórych przedsiębiorstw

<p>Rząd przygotowuje przedłużenie zwolnienia z ZUS na kolejne 3 miesiące dla niektórych przedsiębiorstw. Zwolnienie obejmie branżę turystyczną. Szczegóły wkrótce zostaną ogłoszone.</p>
<p>Więcej informacji można znaleźć na stronie:<br />
<a href="https://businessinsider.com.pl/firmy/przepisy/rzad-zwolni-czesc-firm-z-zus-na-kolejne-3-miesiace-branza-turystyczna-moze-liczyc-na/g7zsvz9">https://businessinsider.com.pl/firmy/przepisy/rzad-zwolni-czesc-firm-z-zus-na-kolejne-3-miesiace-branza-turystyczna-moze-liczyc-na/g7zsvz9  </a></p>

<p>Rząd przygotowuje przedłużenie zwolnienia z ZUS na kolejne 3 miesiące dla niektórych przedsiębiorstw. Zwolnienie obejmie branżę turystyczną. Szczegóły wkrótce zostaną ogłoszone. Więcej informacji można znaleźć na stronie: https://businessinsider.com.pl/firmy/przepisy/rzad-zwolni-czesc-firm-z-zus-na-kolejne-3-miesiace-branza-turystyczna-moze-liczyc-na/g7zsvz9  </p>

<!-- This site is optimized with the Yoast SEO plugin v27.5 - https://yoast.com/product/yoast-seo-wordpress/ -->
<title>Przedłużenie zwolnienia z ZUS</title>
<meta name="description" content="Dowiedz się o przedłużeniu zwolnienia z opłacania składek ZUS dla niektórych przedsiębiorstw. Sprawdź szczegóły!" />
<meta name="robots" content="index, follow, max-snippet:-1, max-image-preview:large, max-video-preview:-1" />
<link rel="canonical" href="https://assecobs.pl/blog/komunikaty/przedluzenie-zwolnienia-z-zus-dla-niektorych-przedsiebiorstw/" />
<meta property="og:locale" content="pl_PL" />
<meta property="og:type" content="article" />
<meta property="og:title" content="Przedłużenie zwolnienia z ZUS" />
<meta property="og:description" content="Dowiedz się o przedłużeniu zwolnienia z opłacania składek ZUS dla niektórych przedsiębiorstw. Sprawdź szczegóły!" />
<meta property="og:url" content="https://assecobs.pl/blog/komunikaty/przedluzenie-zwolnienia-z-zus-dla-niektorych-przedsiebiorstw/" />
<meta property="og:site_name" content="Blog Asseco BS" />
<meta property="article:publisher" content="https://www.facebook.com/erpbyasseco/" />
<meta property="article:modified_time" content="2024-06-07T10:27:46+00:00" />
<meta name="twitter:card" content="summary_large_image" />
<meta name="twitter:site" content="@asseco_bs" />
<meta name="twitter:label1" content="Szacowany czas czytania" />
	<meta name="twitter:data1" content="1 minuta" />
<script type="application/ld+json" class="yoast-schema-graph">{"@context":"https:\/\/schema.org","@graph":[{"@type":"WebPage","@id":"https:\/\/assecobs.pl\/blog\/komunikaty\/przedluzenie-zwolnienia-z-zus-dla-niektorych-przedsiebiorstw\/","url":"https:\/\/assecobs.pl\/blog\/komunikaty\/przedluzenie-zwolnienia-z-zus-dla-niektorych-przedsiebiorstw\/","name":"Przedłużenie zwolnienia z ZUS","isPartOf":{"@id":"https:\/\/assecobs.pl\/blog\/#website"},"datePublished":"2020-07-23T12:10:51+00:00","dateModified":"2024-06-07T10:27:46+00:00","description":"Dowiedz się o przedłużeniu zwolnienia z opłacania składek ZUS dla niektórych przedsiębiorstw. Sprawdź szczegóły!","breadcrumb":{"@id":"https:\/\/assecobs.pl\/blog\/komunikaty\/przedluzenie-zwolnienia-z-zus-dla-niektorych-przedsiebiorstw\/#breadcrumb"},"inLanguage":"pl-PL","potentialAction":[{"@type":"ReadAction","target":["https:\/\/assecobs.pl\/blog\/komunikaty\/przedluzenie-zwolnienia-z-zus-dla-niektorych-przedsiebiorstw\/"]}]},{"@type":"BreadcrumbList","@id":"https:\/\/assecobs.pl\/blog\/komunikaty\/przedluzenie-zwolnienia-z-zus-dla-niektorych-przedsiebiorstw\/#breadcrumb","itemListElement":[{"@type":"ListItem","position":1,"name":"Strona główna","item":"https:\/\/assecobs.pl\/blog\/"},{"@type":"ListItem","position":2,"name":"komunikaty","item":"https:\/\/assecobs.pl\/blog\/komunikaty\/"},{"@type":"ListItem","position":3,"name":"Przedłużenie zwolnienia z&nbsp;ZUS dla niektórych przedsiębiorstw"}]},{"@type":"WebSite","@id":"https:\/\/assecobs.pl\/blog\/#website","url":"https:\/\/assecobs.pl\/blog\/","name":"Blog Asseco BS","description":"","publisher":{"@id":"https:\/\/assecobs.pl\/blog\/#organization"},"potentialAction":[{"@type":"SearchAction","target":{"@type":"EntryPoint","urlTemplate":"https:\/\/assecobs.pl\/blog\/?s={search_term_string}"},"query-input":{"@type":"PropertyValueSpecification","valueRequired":true,"valueName":"search_term_string"}}],"inLanguage":"pl-PL"},{"@type":"Organization","@id":"https:\/\/assecobs.pl\/blog\/#organization","name":"Asseco Business Solutions","url":"https:\/\/assecobs.pl\/blog\/","logo":{"@type":"ImageObject","inLanguage":"pl-PL","@id":"https:\/\/assecobs.pl\/blog\/#\/schema\/logo\/image\/","url":"https:\/\/assecobs.pl\/blog\/wp-content\/uploads\/sites\/14\/2020\/01\/abs-logo-user.jpg","contentUrl":"https:\/\/assecobs.pl\/blog\/wp-content\/uploads\/sites\/14\/2020\/01\/abs-logo-user.jpg","width":250,"height":251,"caption":"Asseco Business Solutions"},"image":{"@id":"https:\/\/assecobs.pl\/blog\/#\/schema\/logo\/image\/"},"sameAs":["https:\/\/www.facebook.com\/erpbyasseco\/","https:\/\/x.com\/asseco_bs","https:\/\/pl.linkedin.com\/company\/asseco-business-solutions-sa","https:\/\/www.youtube.com\/channel\/UCCU4su9i0ZMIrsS0P0bkYOA\/featured","https:\/\/pl.wikipedia.org\/wiki\/Asseco_Business_Solutions"]}]}</script>
<!-- / Yoast SEO plugin. -->

Przedłużenie zwolnienia z ZUS

Dowiedz się o przedłużeniu zwolnienia z opłacania składek ZUS dla niektórych przedsiębiorstw. Sprawdź szczegóły!

Strona główna

Przedłużenie zwolnienia z&nbsp;ZUS dla niektórych przedsiębiorstw
